{"id":1998,"date":"2023-09-28T13:41:53","date_gmt":"2023-09-28T13:41:53","guid":{"rendered":"https:\/\/caledenataliavilaplana.com\/?post_type=product&#038;p=1998"},"modified":"2024-04-25T11:54:48","modified_gmt":"2024-04-25T11:54:48","slug":"pendientes-margarita","status":"publish","type":"product","link":"https:\/\/caledenataliavilaplana.com\/index.php\/product\/pendientes-margarita\/","title":{"rendered":"Pendientes Margarita"},"content":{"rendered":"<p style=\"text-align: center;\">MARGARITA<\/p>\n<p style=\"text-align: center;\">\u00a1Flores que nunca se marchitan! Nuestros pendientes &#8220;Margaritas&#8221; son una delicada expresi\u00f3n de belleza natural. Hechos a mano con metacrilato, piedras naturales y acero inoxidable, su dise\u00f1o \u00fanico te encantar\u00e1. A\u00f1ade un toque de frescura y elegancia a tu look con estos pendientes inspirados en las margaritas.<\/p>\n<p style=\"text-align: center;\">Si quieres hacerlos m\u00e1s \u00fanicos, contacta con nosotros para elegir entre una gran variedad de colores.<\/p>\n<p style=\"text-align: center;\">Alto: 8,5 cm<\/p>\n<p style=\"text-align: center;\">Ancho: 5,3 cm<\/p>\n<p>&nbsp;<\/p>\n<p>&nbsp;<\/p>\n","protected":false},"excerpt":{"rendered":"<p>MARGARITA \u00a1Flores que nunca se marchitan! Nuestros pendientes &#8220;Margaritas&#8221; son una delicada expresi\u00f3n de belleza natural. Hechos a mano con metacrilato, piedras naturales y acero inoxidable, su dise\u00f1o \u00fanico te encantar\u00e1. A\u00f1ade un toque de frescura y elegancia a tu look con estos pendientes inspirados en las margaritas. Si quieres hacerlos m\u00e1s \u00fanicos, contacta con &hellip;<\/p>\n<p class=\"read-more\"> <a class=\"\" href=\"https:\/\/caledenataliavilaplana.com\/index.php\/product\/pendientes-margarita\/\"> <span class=\"screen-reader-text\">Pendientes Margarita<\/span> Leer m\u00e1s &raquo;<\/a><\/p>\n","protected":false},"featured_media":2002,"template":"","meta":{"_uag_custom_page_level_css":"","site-sidebar-layout":"default","site-content-layout":"","ast-site-content-layout":"default","site-content-style":"default","site-sidebar-style":"default","ast-global-header-display":"","ast-banner-title-visibility":"","ast-main-header-display":"","ast-hfb-above-header-display":"","ast-hfb-below-header-display":"","ast-hfb-mobile-header-display":"","site-post-title":"","ast-breadcrumbs-content":"","ast-featured-img":"","footer-sml-layout":"","theme-transparent-header-meta":"default","adv-header-id-meta":"","stick-header-meta":"","header-above-stick-meta":"","header-main-stick-meta":"","header-below-stick-meta":"","astra-migrate-meta-layouts":"set"},"product_cat":[41],"product_tag":[],"jetpack_sharing_enabled":true,"uagb_featured_image_src":{"full":["https:\/\/caledenataliavilaplana.com\/wp-content\/uploads\/2023\/09\/IMG_2427ret-1-scaled.jpg",2560,1709,false],"thumbnail":["https:\/\/caledenataliavilaplana.com\/wp-content\/uploads\/2023\/09\/IMG_2427ret-1-150x150.jpg",150,150,true],"medium":["https:\/\/caledenataliavilaplana.com\/wp-content\/uploads\/2023\/09\/IMG_2427ret-1-300x200.jpg",300,200,true],"medium_large":["https:\/\/caledenataliavilaplana.com\/wp-content\/uploads\/2023\/09\/IMG_2427ret-1-768x513.jpg",768,513,true],"large":["https:\/\/caledenataliavilaplana.com\/wp-content\/uploads\/2023\/09\/IMG_2427ret-1-1024x683.jpg",1024,683,true],"1536x1536":["https:\/\/caledenataliavilaplana.com\/wp-content\/uploads\/2023\/09\/IMG_2427ret-1-1536x1025.jpg",1536,1025,true],"2048x2048":["https:\/\/caledenataliavilaplana.com\/wp-content\/uploads\/2023\/09\/IMG_2427ret-1-2048x1367.jpg",2048,1367,true],"mailpoet_newsletter_max":["https:\/\/caledenataliavilaplana.com\/wp-content\/uploads\/2023\/09\/IMG_2427ret-1-1320x881.jpg",1320,881,true],"woocommerce_thumbnail":["https:\/\/caledenataliavilaplana.com\/wp-content\/uploads\/2023\/09\/IMG_2427ret-1-300x300.jpg",300,300,true],"woocommerce_single":["https:\/\/caledenataliavilaplana.com\/wp-content\/uploads\/2023\/09\/IMG_2427ret-1-600x400.jpg",600,400,true],"woocommerce_gallery_thumbnail":["https:\/\/caledenataliavilaplana.com\/wp-content\/uploads\/2023\/09\/IMG_2427ret-1-100x100.jpg",100,100,true]},"uagb_author_info":{"display_name":"caledenataliavilaplana.com","author_link":"https:\/\/caledenataliavilaplana.com\/index.php\/author\/"},"uagb_comment_info":0,"uagb_excerpt":"MARGARITA \u00a1Flores que nunca se marchitan! Nuestros pendientes &#8220;Margaritas&#8221; son una delicada expresi\u00f3n de belleza natural. Hechos a mano con metacrilato, piedras naturales y acero inoxidable, su dise\u00f1o \u00fanico te encantar\u00e1. A\u00f1ade un toque de frescura y elegancia a tu look con estos pendientes inspirados en las margaritas. Si quieres hacerlos m\u00e1s \u00fanicos, contacta con&hellip;","_links":{"self":[{"href":"https:\/\/caledenataliavilaplana.com\/index.php\/wp-json\/wp\/v2\/product\/1998"}],"collection":[{"href":"https:\/\/caledenataliavilaplana.com\/index.php\/wp-json\/wp\/v2\/product"}],"about":[{"href":"https:\/\/caledenataliavilaplana.com\/index.php\/wp-json\/wp\/v2\/types\/product"}],"wp:featuredmedia":[{"embeddable":true,"href":"https:\/\/caledenataliavilaplana.com\/index.php\/wp-json\/wp\/v2\/media\/2002"}],"wp:attachment":[{"href":"https:\/\/caledenataliavilaplana.com\/index.php\/wp-json\/wp\/v2\/media?parent=1998"}],"wp:term":[{"taxonomy":"product_cat","embeddable":true,"href":"https:\/\/caledenataliavilaplana.com\/index.php\/wp-json\/wp\/v2\/product_cat?post=1998"},{"taxonomy":"product_tag","embeddable":true,"href":"https:\/\/caledenataliavilaplana.com\/index.php\/wp-json\/wp\/v2\/product_tag?post=1998"}],"curies":[{"name":"wp","href":"https:\/\/api.w.org\/{rel}","templated":true}]}}